Give z(x).
-4
Let j(u) be the second derivative of -u**3/6 - 19*u**2/2 - 2*u + 17. Let d be 1/(-2) + (-54)/4. Give j(d).
-5
Let u(l) = 33*l + 19*l**3 - 71*l + 37*l + 0*l**2 + 0*l**2. Determine u(1).
18
Let y(b) = -10*b**2. Let q(h) be the first derivative of -2*h**3/3 + 3*h**2/2 + 4*h + 10. Let u be q(-1). Determine y(u).
-10
Let w(n) be the second derivative of -n**5/20 - 2*n**4/3 - 13*n**3/6 + 6*n**2 - 6355*n. Calculate w(-6).
18
Suppose 81 = 3*h + 3*n, -3*h + 116 = 5*n + 33. Let o(s) = -26 + 7*s**2 - 39 + 91 - h. Suppose 0 = 4*b - 12, 5*y = -0*b - 5*b + 20. Determine o(y).
7
Let p(d) = -d - 1. Let h be -2 + (22 + -2 - 3). Suppose -17 = 2*w - h. Let f be p(w). Let g(y) = y + 1. What is g(f)?
1
Let m(i) = 5*i**2 + 26*i + 6. Let s be m(-5). Let f(l) = 4*l**2 - 2*l + 1. What is f(s)?
3
Let r be (-42)/(-20) + 228/(-2280). Let k(h) = -3*h + 7 - h**2 - 1 + h**3 - 4. Give k(r).
0
Let d(j) = 15*j + 18*j + 16 - 32*j. Let v = 21 + -37. Let m be d(v). Let z(a) = -a**3 + a + 9. Give z(m).
9
Let f(i) be the third derivative of -i**6/120 + 3*i**5/20 + 3*i**4/8 + 13*i**3/6 - 193*i**2. Let v be 1/2*(1 - -19). Determine f(v).
3
Let n(p) = 5*p**2 - 13*p + 18. Let k be n(9). Let c = k + -311. Let j(q) = -q**2 - 6*q - 3. Calculate j(c).
2
Let p(b) = 59*b - 3533. Let j be p(60). Let t(o) = -o**3 + 8*o**2 - 7*o - 12. Calculate t(j).
-12
Let s(c) = c + 1. Let f = -654 - -69. Let m = 580 + f. Calculate s(m).
-4
Let f be (-2 - (-36)/16)*0. Suppose 2*l - 7 = -0*c + c, 2*c = 5*l - 16. Let d(n) = -n + n - l - 4 - n. Give d(f).
-6
Let m(o) = 7*o + 1. Suppose 5*y + 1 = 3*z, 3*y - 3 = 3*z - 6. Let a(g) = g + 1. Let w(f) = z*a(f) - m(f). Let s be (-2)/9 - (1 - (-87)/(-27)). Calculate w(s).
-9
Let c(u) = -u**3 + 7*u**2 + 9*u - 8. Let b be c(8). Let y(h) = -1423*h - 1431*h + 15 - 1422*h + 4275*h. Calculate y(b).
15
Let k(a) = -38*a - 356. Let l(r) = 23*r + 213. Let v(f) = -8*k(f) - 13*l(f). Give v(-6).
49
Let t(u) be the second derivative of 5/6*u**4 - 1/2*u**2 - 3*u - 1/6*u**3 + 0. Let h(x) = x**3 + 5*x**2 + x - 16. Let v be h(-3). What is t(v)?
10
Let f = 24677 + -24682. Let v(w) = -16*w - 35. Calculate v(f).
45
Suppose -5*s + 17 = -68. Let m(z) = 6*z - 104. Let d be m(s). Let l(p) = -1 + 4 + 3*p + 4*p. Calculate l(d).
-11
Let p = 11560 + -11560. Let r(v) be the third derivative of -5/12*v**4 - 4/3*v**3 + 0 + v**2 + p*v + 1/60*v**5. What is r(10)?
-8
Let x(o) be the second derivative of o**3/6 - 2*o**2 + 11*o + 1. Let b(z) = -6*z + 18. Let r(a) = 2*b(a) + 11*x(a). Calculate r(0).
-8
Let s(t) = -129*t - 15. Let m(o) = -47*o - 5. Let v(p) = 22*m(p) - 8*s(p). What is v(-4)?
18
Suppose 2*a - 15 = 3*y, -5*a = -0*y + 3*y - 6. Let k(b) = -b**3 + 6*b**2 - 10*b - 3. Calculate k(a).
-6
Let g(f) be the second derivative of f**5/30 - 13*f**4/24 - 5*f**3/3 + 126*f**2 - 332*f. Let u(y) be the first derivative of g(y). Calculate u(8).
14
Let g(q) be the third derivative of q**6/720 - q**4/24 + 7*q**3/2 - 31*q**2. Let w(u) be the second derivative of g(u). What is w(5)?
5
Let d(p) be the third derivative of p**5/60 - p**4/2 + 3*p**3/2 + 9332*p**2. Let h(o) = 4*o - 1. Let v be h(3). What is d(v)?
-2
Let w(l) = 115*l**3 - 36*l**3 + 13*l - 23*l**2 - 23 - 37*l**3 - 40*l**3. Let y be w(11). Let a(n) = -3*n**3 + n + 1. What is a(y)?
3
Let c(y) = -2381 - 2366 + 4*y - 3*y + 4751. Calculate c(9).
13
Let a be (-16)/10 + 6/20*(-28)/21. Let g(b) = -3*b**2 - 45*b - 85. Give g(a).
-7
Suppose 0 = 5*t + 3*t - 32. Let v(o) be the third derivative of -o**6/120 + o**5/15 + o**4/6 + 5*o**3/6 + 178*o**2. What is v(t)?
21
Let b(x) be the first derivative of x**4/4 - 10*x**3/3 - 6*x**2 - 12*x - 2577. Calculate b(11).
-23
Let a = 232 - 228. Let h(j) = j**3 - 3*j**2 - 3*j - 10. Let d be h(a). Let u(r) = 3 + 6*r**2 + r**3 + r**2 + 7*r + 0*r**2. Calculate u(d).
-3
Let y(j) be the third derivative of -67*j**4/24 - 200*j**3/3 - 297*j**2. Let n be y(-6). Let d(m) = -m**2 + 4*m - 5. Determine d(n).
-1
Suppose 0 = -3*x + 4*q - 0*q + 81, x - 35 = 4*q. Suppose 0 = -x*o - 8 + 261. Let f(l) = -l**3 + 11*l**2 + 5. What is f(o)?
5
Let n(c) be the first derivative of c**6/120 + c**5/30 - c**4/12 - c**3/3 + 79*c**2/2 + 118. Let j(a) be the second derivative of n(a). Determine j(2).
10
Suppose 0 = -6*v - 1 + 13. Let w(z) = -8*z - 1. Let c(j) = -2*j - 2. Let a(h) = v*c(h) - w(h). Calculate a(4).
13
Suppose -2*w - 5*a = -11, w = -0*w - 5*a + 18. Let g(i) = -2*i + 284*i**2 - 131*i**2 + 10*i - 152*i**2 + 1. What is g(w)?
-6
Suppose -3*w = 29 - 44. Let c(p) = p**2 - 2*p + 8. Let r be c(w). Suppose 15 = -2*t + r. Let x(n) = n**3 - 4*n**2 + 5*n + 2. Determine x(t).
22
Let x(m) = -2*m**2 + 47. Let f(d) = -2*d**2 - 7*d + 1764. Let u be f(28). Determine x(u).
47
Let j(r) = 45*r - 384. Let n(b) = b - 6. Let h(i) = j(i) - 51*n(i). Give h(-12).
-6
Let j = 2102 + -2101. Let s(h) = 10*h**3 + h**2 - 3*h. Let z = 5 - 7. Let y(q) = -q**3 - q. Let b(a) = z*y(a) + s(a). What is b(j)?
12
Let d(u) = 10 + 9*u**3 - 82*u**2 - 108*u**2 + 189*u**2 + 10*u. Give d(-1).
-10
Let b(a) = a**2 + 5*a - 1. Let k = -34 - -37. Let r be (-3)/((-4)/((-12)/9)) - k. Calculate b(r).
-5
Let s(d) = 2*d**3 - 6*d**2 + 5*d - 15. Let z be s(5). Let i = 117 - z. Let r(n) be the third derivative of n**4/24 - 2*n**3 - 3*n**2. What is r(i)?
-5
Suppose 45 = -5*g + 5*y, -4*y + 10 = -2. Let n(t) be the third derivative of 0 + t**3 + 1/60*t**5 + 1/4*t**4 + 45*t**2 + 0*t. Calculate n(g).
6
Let y = -68 + 119. Let i be ((-1)/(-3))/(17/y). Let g(v) be the third derivative of -v**4/24 - v**3/6 - 60*v**2. What is g(i)?
-2
Let v(n) = n + 4. Suppose 381 = -2*y + 383. Let z(q) = 3*q + 11. Let h(i) = y*z(i) - 4*v(i). Give h(5).
-10
Let s(r) = -10*r + 67. Let i(w) = 30*w - 206. Let y(o) = 4*i(o) + 11*s(o). Calculate y(9).
3
Let z(x) = 4*x. Let p(j) = j. Let c(h) = -14*p(h) + 2*z(h). Let v be 16/((-832)/(-65))*4. Let i(t) = -5*t + 1. Let n(y) = v*i(y) - 4*c(y). What is n(8)?
-3
Suppose m + 4*x = -11, 0*x - 18 = -2*m + 2*x. Suppose -4*w + 2 = 14, -w - 48 = -m*z. Let y(v) = -2 + z*v + v**2 - 1 - 3. What is y(-9)?
-6
Let i(p) = -2*p**3 + 2*p**2 + 2*p. Let h = -12217 - -12214. Give i(h).
66
Suppose -97 = -4*s - 57. Let v(d) = 4 - 5 + s - 2 + 4*d. Determine v(-9).
-29
Suppose -15*f = -11*f - 5024. Let d(a) = -f + 628 + 628 - 3*a - 6*a. Calculate d(3).
-27
Let g(o) = 2 - 1 - 3*o + o**2 + 0*o**2 + 0. Suppose -3*m = -0*m + 5*s - 5, -s - 6 = 2*m. Let y be -1 - (-2 - -3) - 20/m. Give g(y).
-1
Let a(f) = f**3 + 46*f**2 - 31*f + 749. Let b be a(-47). Let i(c) be the first derivative of 3*c + 1/2*c**2 - 1. Calculate i(b).
0
Let f(w) = -w**2 + 22 + 3 - 3 + 109790*w - 109810*w. Give f(-21).
1
Let j(s) be the third derivative of 5*s**4/8 - s**3/3 - 14*s**2 + 15*s + 2. Determine j(-2).
-32
Let c(y) = 5*y - 182. Let k be c(36). Suppose 3*d - 15 + 6 = 0. Let j(i) = -6 + 3*i**3 + i**3 + 4 - i**2 - 6*i**d. What is j(k)?
10
Let b = -486 - -490. Let z(j) = j + b*j - 5*j**3 - j**3 - 7*j + 3*j - j**2. Give z(1).
-6
Suppose 2*w = 2*t - 2, t + 36 = 4*w + 5*t. Let z(k) = k + w - 4*k - 1 + k. Give z(5).
-7
Let g(i) be the first derivative of 1/2*i**2 - 58 - 2*i - 1/3*i**3. Determine g(2).
-4
Let o(c) = 1252 - 3951 + c + 2681. Suppose -5*m = 4*k + 41, m + 5 = k + 4. Let r be (-1)/m - (-44)/5. Calculate o(r).
-9
Let i = -488 + 318. Let j = -168 - i. Let y(z) = -z**3 + 2*z**2 - 3*z + 2. Give y(j).
-4
Let q(h) be the second derivative of -11*h**3/6 + 109*h**2/2 + 14*h - 20. Give q(9).
10
Suppose 5*g + 0*u = -4*u + 225, -25 = 5*u. Let l(q) = q**2 + 5 - 1 - 44*q + g*q. What is l(-3)?
-2
Let m(f) = 71*f + 56*f + 1 - 113*f + f**2 - 19. Let k(z) = 2*z**2 + 21*z - 27. Let t(o) = 5*k(o) - 8*m(o). What is t(4)?
13
Let d(q) = 41*q - 10*q - 10*q - 17*q - 28*q - 26. Determine d(-4).
70
Suppose 58 = 2*z + 210. Let n be (2 - (1 + -3)) + (-15 - 66). Let b = z - n. Let k(h) = -5*h**2 + h. What is k(b)?
-4
Let a(g) be the first derivative of g**2/2 - 2*g + 2. Suppose -93*h - 4*b + 27 = -94*h, h - b = -3. What is a(h)?
3
Let r(o) = o + 14. Suppose -10 = -2*a, -2*a = 4*j + 3*a - 857. Suppose j = -5*w + 3*n - n, n = -w - 43. Let p = -49 - w. Give r(p).
7
Let u(q) be the first derivative of q**2 + 19*q - 7647. Calculate u(-11).
-3
Suppose 5*c = -n + 102, 6*c - 266 = -3*n + c. Let b = n - 75. Let m(u) = -u**3 + 6*u**2 + 5*u + 5. Give m(b).
-9
L